{"id":1382,"date":"2023-06-06T19:07:15","date_gmt":"2023-06-06T17:07:15","guid":{"rendered":"https:\/\/boviprocess.fr\/?page_id=1382"},"modified":"2023-06-29T12:18:37","modified_gmt":"2023-06-29T10:18:37","slug":"mentions-legales","status":"publish","type":"page","link":"https:\/\/boviprocess.fr\/index.php\/mentions-legales\/","title":{"rendered":"MENTIONS L\u00c9GALES"},"content":{"rendered":"\t\t<div data-elementor-type=\"wp-page\" data-elementor-id=\"1382\" class=\"elementor elementor-1382\">\n\t\t\t\t\t\t<section class=\"elementor-section elementor-top-section elementor-element elementor-element-546b953 elementor-section-boxed elementor-section-height-default elementor-section-height-default\" data-id=\"546b953\" data-element_type=\"section\" data-e-type=\"section\">\n\t\t\t\t\t\t<div class=\"elementor-container elementor-column-gap-default\">\n\t\t\t\t\t<div class=\"elementor-column elementor-col-100 elementor-top-column elementor-element elementor-element-a504680\" data-id=\"a504680\" data-element_type=\"column\" data-e-type=\"column\">\n\t\t\t<div class=\"elementor-widget-wrap elementor-element-populated\">\n\t\t\t\t\t\t<div class=\"elementor-element elementor-element-b8db095 elementor-widget elementor-widget-spacer\" data-id=\"b8db095\" data-element_type=\"widget\" data-e-type=\"widget\" data-widget_type=\"spacer.default\">\n\t\t\t\t<div class=\"elementor-widget-container\">\n\t\t\t\t\t\t\t<div class=\"elementor-spacer\">\n\t\t\t<div class=\"elementor-spacer-inner\"><\/div>\n\t\t<\/div>\n\t\t\t\t\t\t<\/div>\n\t\t\t\t<\/div>\n\t\t\t\t\t<\/div>\n\t\t<\/div>\n\t\t\t\t\t<\/div>\n\t\t<\/section>\n\t\t\t\t<section class=\"elementor-section elementor-top-section elementor-element elementor-element-df8578c elementor-section-full_width elementor-section-height-default elementor-section-height-default\" data-id=\"df8578c\" data-element_type=\"section\" data-e-type=\"section\">\n\t\t\t\t\t\t<div class=\"elementor-container elementor-column-gap-default\">\n\t\t\t\t\t<div class=\"elementor-column elementor-col-33 elementor-top-column elementor-element elementor-element-305649a\" data-id=\"305649a\" data-element_type=\"column\" data-e-type=\"column\">\n\t\t\t<div class=\"elementor-widget-wrap elementor-element-populated\">\n\t\t\t\t\t\t<div class=\"elementor-element elementor-element-b6f29f3 elementor-widget__width-initial elementor-fixed elementor-widget elementor-widget-heading\" data-id=\"b6f29f3\" data-element_type=\"widget\" data-e-type=\"widget\" data-settings=\"{&quot;_position&quot;:&quot;fixed&quot;}\" data-widget_type=\"heading.default\">\n\t\t\t\t<div class=\"elementor-widget-container\">\n\t\t\t\t\t<h1 class=\"elementor-heading-title elementor-size-default\">MENTIONS L\u00c9GALES<\/h1>\t\t\t\t<\/div>\n\t\t\t\t<\/div>\n\t\t\t\t\t<\/div>\n\t\t<\/div>\n\t\t\t\t<div class=\"elementor-column elementor-col-33 elementor-top-column elementor-element elementor-element-300dadc\" data-id=\"300dadc\" data-element_type=\"column\" data-e-type=\"column\">\n\t\t\t<div class=\"elementor-widget-wrap elementor-element-populated\">\n\t\t\t\t\t\t<div class=\"elementor-element elementor-element-a826f5d elementor-widget__width-initial elementor-widget elementor-widget-text-editor\" data-id=\"a826f5d\" data-element_type=\"widget\" data-e-type=\"widget\" data-widget_type=\"text-editor.default\">\n\t\t\t\t<div class=\"elementor-widget-container\">\n\t\t\t\t\t\t\t\t\t<p>Le site www.boviprocess.fr dont l&rsquo;h\u00e9bergement est assur\u00e9 par OVH, est la propri\u00e9t\u00e9 de\u00a0SAS B\u00c9TAIL PROCESS immatricul\u00e9e au RCS d&rsquo;Alen\u00e7on.\u00a0<\/p><p>Siret n\u00b090912492700015<\/p><p>Code NAF 7112B<\/p><p>Capital social de 4 000\u20ac<\/p><p>Si\u00e8ge social : LE BOURG BUBERTRE 61190 TOUROUVRE AU PERCHE<\/p><p>Responsable de publication ; Herv\u00e9 BAERT.<\/p><p>\u00e9dit\u00e9 par <a href=\"https:\/\/jnob.fr\" target=\"_blank\" rel=\"noopener\">JNOB studio<\/a>.<\/p>\t\t\t\t\t\t\t\t<\/div>\n\t\t\t\t<\/div>\n\t\t\t\t\t<\/div>\n\t\t<\/div>\n\t\t\t\t<div class=\"elementor-column elementor-col-33 elementor-top-column elementor-element elementor-element-e5071dc\" data-id=\"e5071dc\" data-element_type=\"column\" data-e-type=\"column\">\n\t\t\t<div class=\"elementor-widget-wrap\">\n\t\t\t\t\t\t\t<\/div>\n\t\t<\/div>\n\t\t\t\t\t<\/div>\n\t\t<\/section>\n\t\t\t\t<section class=\"elementor-section elementor-top-section elementor-element elementor-element-8e82630 elementor-section-boxed elementor-section-height-default elementor-section-height-default\" data-id=\"8e82630\" data-element_type=\"section\" data-e-type=\"section\">\n\t\t\t\t\t\t<div class=\"elementor-container elementor-column-gap-default\">\n\t\t\t\t\t<div class=\"elementor-column elementor-col-100 elementor-top-column elementor-element elementor-element-38af98f\" data-id=\"38af98f\" data-element_type=\"column\" data-e-type=\"column\">\n\t\t\t<div class=\"elementor-widget-wrap elementor-element-populated\">\n\t\t\t\t\t\t<div class=\"elementor-element elementor-element-32e9b0f elementor-widget elementor-widget-spacer\" data-id=\"32e9b0f\" data-element_type=\"widget\" data-e-type=\"widget\" data-widget_type=\"spacer.default\">\n\t\t\t\t<div class=\"elementor-widget-container\">\n\t\t\t\t\t\t\t<div class=\"elementor-spacer\">\n\t\t\t<div class=\"elementor-spacer-inner\"><\/div>\n\t\t<\/div>\n\t\t\t\t\t\t<\/div>\n\t\t\t\t<\/div>\n\t\t\t\t\t<\/div>\n\t\t<\/div>\n\t\t\t\t\t<\/div>\n\t\t<\/section>\n\t\t\t\t<\/div>\n\t\t","protected":false},"excerpt":{"rendered":"<p>MENTIONS L\u00c9GALES Le site www.boviprocess.fr dont l&rsquo;h\u00e9bergement est assur\u00e9 par OVH, est la propri\u00e9t\u00e9 de\u00a0SAS B\u00c9TAIL PROCESS immatricul\u00e9e au RCS d&rsquo;Alen\u00e7on.\u00a0 Siret n\u00b090912492700015 Code NAF 7112B Capital social de 4 000\u20ac Si\u00e8ge social : LE BOURG BUBERTRE 61190 TOUROUVRE AU PERCHE Responsable de publication ; Herv\u00e9 BAERT. \u00e9dit\u00e9 par JNOB studio.<\/p>\n","protected":false},"author":1,"featured_media":0,"parent":0,"menu_order":0,"comment_status":"closed","ping_status":"closed","template":"","meta":{"footnotes":""},"class_list":["post-1382","page","type-page","status-publish","hentry"],"yoast_head":"<!-- This site is optimized with the Yoast SEO plugin v27.5 - https:\/\/yoast.com\/product\/yoast-seo-wordpress\/ -->\n<title>MENTIONS L\u00c9GALES - BETAIL PROCESS Par Herv\u00e9 BAERT<\/title>\n<meta name=\"description\" content=\"Un site internet cr\u00e9\u00e9 par JNOB studio.\" \/>\n<meta name=\"robots\" content=\"index, follow, max-snippet:-1, max-image-preview:large, max-video-preview:-1\" \/>\n<link rel=\"canonical\" href=\"https:\/\/boviprocess.fr\/index.php\/mentions-legales\/\" \/>\n<meta property=\"og:locale\" content=\"fr_FR\" \/>\n<meta property=\"og:type\" content=\"article\" \/>\n<meta property=\"og:title\" content=\"MENTIONS L\u00c9GALES - BETAIL PROCESS Par Herv\u00e9 BAERT\" \/>\n<meta property=\"og:description\" content=\"Un site internet cr\u00e9\u00e9 par JNOB studio.\" \/>\n<meta property=\"og:url\" content=\"https:\/\/boviprocess.fr\/index.php\/mentions-legales\/\" \/>\n<meta property=\"og:site_name\" content=\"BETAIL PROCESS Par Herv\u00e9 BAERT\" \/>\n<meta property=\"article:modified_time\" content=\"2023-06-29T10:18:37+00:00\" \/>\n<meta name=\"twitter:card\" content=\"summary_large_image\" \/>\n<meta name=\"twitter:label1\" content=\"Dur\u00e9e de lecture estim\u00e9e\" \/>\n\t<meta name=\"twitter:data1\" content=\"1 minute\" \/>\n<script type=\"application\/ld+json\" class=\"yoast-schema-graph\">{\"@context\":\"https:\\\/\\\/schema.org\",\"@graph\":[{\"@type\":\"WebPage\",\"@id\":\"https:\\\/\\\/boviprocess.fr\\\/index.php\\\/mentions-legales\\\/\",\"url\":\"https:\\\/\\\/boviprocess.fr\\\/index.php\\\/mentions-legales\\\/\",\"name\":\"MENTIONS L\u00c9GALES - BETAIL PROCESS Par Herv\u00e9 BAERT\",\"isPartOf\":{\"@id\":\"https:\\\/\\\/boviprocess.fr\\\/#website\"},\"datePublished\":\"2023-06-06T17:07:15+00:00\",\"dateModified\":\"2023-06-29T10:18:37+00:00\",\"description\":\"Un site internet cr\u00e9\u00e9 par JNOB studio.\",\"breadcrumb\":{\"@id\":\"https:\\\/\\\/boviprocess.fr\\\/index.php\\\/mentions-legales\\\/#breadcrumb\"},\"inLanguage\":\"fr-FR\",\"potentialAction\":[{\"@type\":\"ReadAction\",\"target\":[\"https:\\\/\\\/boviprocess.fr\\\/index.php\\\/mentions-legales\\\/\"]}]},{\"@type\":\"BreadcrumbList\",\"@id\":\"https:\\\/\\\/boviprocess.fr\\\/index.php\\\/mentions-legales\\\/#breadcrumb\",\"itemListElement\":[{\"@type\":\"ListItem\",\"position\":1,\"name\":\"Accueil\",\"item\":\"https:\\\/\\\/boviprocess.fr\\\/\"},{\"@type\":\"ListItem\",\"position\":2,\"name\":\"MENTIONS L\u00c9GALES\"}]},{\"@type\":\"WebSite\",\"@id\":\"https:\\\/\\\/boviprocess.fr\\\/#website\",\"url\":\"https:\\\/\\\/boviprocess.fr\\\/\",\"name\":\"BETAIL PROCESS Par Herv\u00e9 BAERT\",\"description\":\"Bureau Analyse Etudes R\u00e9alisations Techniques - CENTRE D&#039;ALLOTEMENT - RASSEMBLEMENT DU  BETAIL\",\"publisher\":{\"@id\":\"https:\\\/\\\/boviprocess.fr\\\/#organization\"},\"potentialAction\":[{\"@type\":\"SearchAction\",\"target\":{\"@type\":\"EntryPoint\",\"urlTemplate\":\"https:\\\/\\\/boviprocess.fr\\\/?s={search_term_string}\"},\"query-input\":{\"@type\":\"PropertyValueSpecification\",\"valueRequired\":true,\"valueName\":\"search_term_string\"}}],\"inLanguage\":\"fr-FR\"},{\"@type\":\"Organization\",\"@id\":\"https:\\\/\\\/boviprocess.fr\\\/#organization\",\"name\":\"BETAIL PROCESS Par Herv\u00e9 BAERT\",\"url\":\"https:\\\/\\\/boviprocess.fr\\\/\",\"logo\":{\"@type\":\"ImageObject\",\"inLanguage\":\"fr-FR\",\"@id\":\"https:\\\/\\\/boviprocess.fr\\\/#\\\/schema\\\/logo\\\/image\\\/\",\"url\":\"https:\\\/\\\/boviprocess.fr\\\/wp-content\\\/uploads\\\/2021\\\/06\\\/cropped-cropped-cropped-logo-BetailProcess.png\",\"contentUrl\":\"https:\\\/\\\/boviprocess.fr\\\/wp-content\\\/uploads\\\/2021\\\/06\\\/cropped-cropped-cropped-logo-BetailProcess.png\",\"width\":1811,\"height\":954,\"caption\":\"BETAIL PROCESS Par Herv\u00e9 BAERT\"},\"image\":{\"@id\":\"https:\\\/\\\/boviprocess.fr\\\/#\\\/schema\\\/logo\\\/image\\\/\"}}]}<\/script>\n<!-- \/ Yoast SEO plugin. -->","yoast_head_json":{"title":"MENTIONS L\u00c9GALES - BETAIL PROCESS Par Herv\u00e9 BAERT","description":"Un site internet cr\u00e9\u00e9 par JNOB studio.","robots":{"index":"index","follow":"follow","max-snippet":"max-snippet:-1","max-image-preview":"max-image-preview:large","max-video-preview":"max-video-preview:-1"},"canonical":"https:\/\/boviprocess.fr\/index.php\/mentions-legales\/","og_locale":"fr_FR","og_type":"article","og_title":"MENTIONS L\u00c9GALES - BETAIL PROCESS Par Herv\u00e9 BAERT","og_description":"Un site internet cr\u00e9\u00e9 par JNOB studio.","og_url":"https:\/\/boviprocess.fr\/index.php\/mentions-legales\/","og_site_name":"BETAIL PROCESS Par Herv\u00e9 BAERT","article_modified_time":"2023-06-29T10:18:37+00:00","twitter_card":"summary_large_image","twitter_misc":{"Dur\u00e9e de lecture estim\u00e9e":"1 minute"},"schema":{"@context":"https:\/\/schema.org","@graph":[{"@type":"WebPage","@id":"https:\/\/boviprocess.fr\/index.php\/mentions-legales\/","url":"https:\/\/boviprocess.fr\/index.php\/mentions-legales\/","name":"MENTIONS L\u00c9GALES - BETAIL PROCESS Par Herv\u00e9 BAERT","isPartOf":{"@id":"https:\/\/boviprocess.fr\/#website"},"datePublished":"2023-06-06T17:07:15+00:00","dateModified":"2023-06-29T10:18:37+00:00","description":"Un site internet cr\u00e9\u00e9 par JNOB studio.","breadcrumb":{"@id":"https:\/\/boviprocess.fr\/index.php\/mentions-legales\/#breadcrumb"},"inLanguage":"fr-FR","potentialAction":[{"@type":"ReadAction","target":["https:\/\/boviprocess.fr\/index.php\/mentions-legales\/"]}]},{"@type":"BreadcrumbList","@id":"https:\/\/boviprocess.fr\/index.php\/mentions-legales\/#breadcrumb","itemListElement":[{"@type":"ListItem","position":1,"name":"Accueil","item":"https:\/\/boviprocess.fr\/"},{"@type":"ListItem","position":2,"name":"MENTIONS L\u00c9GALES"}]},{"@type":"WebSite","@id":"https:\/\/boviprocess.fr\/#website","url":"https:\/\/boviprocess.fr\/","name":"BETAIL PROCESS Par Herv\u00e9 BAERT","description":"Bureau Analyse Etudes R\u00e9alisations Techniques - CENTRE D&#039;ALLOTEMENT - RASSEMBLEMENT DU  BETAIL","publisher":{"@id":"https:\/\/boviprocess.fr\/#organization"},"potentialAction":[{"@type":"SearchAction","target":{"@type":"EntryPoint","urlTemplate":"https:\/\/boviprocess.fr\/?s={search_term_string}"},"query-input":{"@type":"PropertyValueSpecification","valueRequired":true,"valueName":"search_term_string"}}],"inLanguage":"fr-FR"},{"@type":"Organization","@id":"https:\/\/boviprocess.fr\/#organization","name":"BETAIL PROCESS Par Herv\u00e9 BAERT","url":"https:\/\/boviprocess.fr\/","logo":{"@type":"ImageObject","inLanguage":"fr-FR","@id":"https:\/\/boviprocess.fr\/#\/schema\/logo\/image\/","url":"https:\/\/boviprocess.fr\/wp-content\/uploads\/2021\/06\/cropped-cropped-cropped-logo-BetailProcess.png","contentUrl":"https:\/\/boviprocess.fr\/wp-content\/uploads\/2021\/06\/cropped-cropped-cropped-logo-BetailProcess.png","width":1811,"height":954,"caption":"BETAIL PROCESS Par Herv\u00e9 BAERT"},"image":{"@id":"https:\/\/boviprocess.fr\/#\/schema\/logo\/image\/"}}]}},"_links":{"self":[{"href":"https:\/\/boviprocess.fr\/index.php\/wp-json\/wp\/v2\/pages\/1382","targetHints":{"allow":["GET"]}}],"collection":[{"href":"https:\/\/boviprocess.fr\/index.php\/wp-json\/wp\/v2\/pages"}],"about":[{"href":"https:\/\/boviprocess.fr\/index.php\/wp-json\/wp\/v2\/types\/page"}],"author":[{"embeddable":true,"href":"https:\/\/boviprocess.fr\/index.php\/wp-json\/wp\/v2\/users\/1"}],"replies":[{"embeddable":true,"href":"https:\/\/boviprocess.fr\/index.php\/wp-json\/wp\/v2\/comments?post=1382"}],"version-history":[{"count":41,"href":"https:\/\/boviprocess.fr\/index.php\/wp-json\/wp\/v2\/pages\/1382\/revisions"}],"predecessor-version":[{"id":2833,"href":"https:\/\/boviprocess.fr\/index.php\/wp-json\/wp\/v2\/pages\/1382\/revisions\/2833"}],"wp:attachment":[{"href":"https:\/\/boviprocess.fr\/index.php\/wp-json\/wp\/v2\/media?parent=1382"}],"curies":[{"name":"wp","href":"https:\/\/api.w.org\/{rel}","templated":true}]}}